2 - (3 - (10 + -7)))?
-1
Evaluate -7 - -9 - (-6 - -4).
4
Evaluate 12 - ((4 - -2) + 0) - -1.
7
-1 + (12 - 16) + (0 - -7)
2
-8 + (3 + (-2 - 0) - -2)
-5
What is -71 + 68 - ((-4 - -3) + -3)?
1
What is -5 + 1 + (-17 - -28)?
7
What is 6 - 3 - (1 - 1 - 0)?
3
Calculate -2 - ((-1 - 9) + 7).
1
What is the value of -1 + 4 - 2 - 1?
0
What is the value of (2 - 7 - (-4 - -4)) + -3?
-8
Calculate 15 - 0 - (-43 + 50).
8
(-13 - (6 - 4)) + 6
-9
What is -288 + 291 + (-5 - -1)?
-1
(-26 - -23) + 1 + 1 + -1
-2
(-3 - -4) + 2 - 3 - -2
2
What is the value of (-6 - -5) + 2 - -1?
2
Calculate (4 - (3 - 1)) + (-2 - -3).
3
What is -6 - (-1 - -1 - (0 + 0))?
-6
What is (-30 - -15) + (5 - -3)?
-7
What is the value of -5 + 3 + 3 + 4 - -3?
8
Evaluate -6 - (-8 + 6 + -1).
-3
Calculate -1 + -1 - (-10 + 7) - -4.
5
Evaluate -1 - (4 - 7 - 0).
2
Calculate 0 + -2 + (2 - 2) + 0.
-2
Calculate -5 - (4 + -1 + 7 + -14).
-1
What is the value of 5 - (8 - 11 - (5 + -4))?
9
Calculate -1 - (1 + -1 - -2).
-3
Evaluate (-6 + 6 - -2) + 3.
5
Evaluate (12 - 0) + (84 - 93).
3
What is the value of -28 + 22 - (-1 + -10)?
5
What is the value of 5 - (-1 + 4) - 0?
2
What is the value of 7 + -1 + -2 + -8?
-4
What is 15 + -8 + 3 - 1?
9
What is the value of -2 - (11 - (5 + (0 - 0)))?
-8
Calculate (2 + 1 - 2) + -2 + 4.
3
What is 3 + 1 - 1 - -1?
4
What is -27 + -16 + 28 - (-5 + -2)?
-8
What is -9 - (0 - 2) - (-6 - -6)?
-7
What is the value of (7 - 5) + -7 + 7?
2
-6 - (-1 + 1 + -5 - -4)
-5
Evaluate -4 + (1 - (-5 - -3) - -3).
2
What is -2 + -1 + 6 + -5?
-2
-12 + (3 - (4 - 4)) - -4
-5
(24 - 10) + -11 + 6
9
Calculate -11 + -5 + 0 + (25 - 14).
-5
What is the value of -2 - ((5 - -1) + -13)?
5
Calculate -1 + (7 - 1) - (1 - -3).
1
Calculate 15 + -9 + -11 - (1 + -7).
1
Calculate -1 + 5 + 0 + -8 + 4.
0
What is (6 - (-7 - -8)) + -5?
0
(-1 - 3) + (4 - -1)
1
(1 + 0 - -1) + (26 - 25)
3
(2 - 6) + (1 - 0) + -1
-4
Evaluate (-7 - (-3 + 5 + -2)) + 4.
-3
(5 - (-1 + 5)) + -6
-5
Evaluate -2 + 3 + -5 - (-16 - -10).
2
What is the value of -5 + (-3 - (-1 - -3 - 6))?
-4
Calculate 2 + (-3 + -1 - -4).
2
What is 5 + -6 + (-6 - -11)?
4
(0 - 0 - 7) + (27 - 23)
-3
Calculate -4 + 0 + (0 - 0) - -9.
5
3 + (1 - (1 + 0) - 1)
2
-8 + 7 + -5 + 6 + -7
-7
What is -59 + 59 - (0 - 2 - 2)?
4
Evaluate -6 + (-4 - (-16 - -6)).
0
What is (14 - 8) + (-12 - 1)?
-7
-9 - -9 - (-1 + 2)
-1
-3 - 2 - (22 - 29) - 7
-5
What is the value of -4 - ((-2 - -2) + 0)?
-4
Evaluate -2 - (-1 - (-3 - -6)).
2
What is -1 + 1 - (-29 + 11 - -12)?
6
(-2 - 1) + 4 + -1 + -1
-1
Calculate (-69 - -65) + (1 - 5 - -2).
-6
Calculate 2 + 1 - (-3 + 4).
2
What is -11 - -18 - 3 - (1 + -1)?
4
What is the value of -4 - (-1 + -8 - -9)?
-4
0 - -6 - (6 - (-1 - -5))
4
What is the value of -4 + (3 + -7 - -4) - -1?
-3
5 - (7 - 5) - 9
-6
Evaluate -5 + -1 - (-5 + 3 - 1).
-3
What is the value of 3 + -5 + -5 - -3?
-4
(-12 - -10 - -4) + -10
-8
What is the value of (-3 + 9 - 12) + -3 + 0?
-9
Evaluate 1 - 0 - (-4 - -6).
-1
What is 4 - (12 - (0 - -10))?
2
What is the value of (-1 - 1) + (8 - (-4 - -13))?
-3
Evaluate -3 - (3 - (-3 - (0 - 6))).
-3
Evaluate 6 + (-4 + 5 - 5).
2
-2 + (2 - (-4 + 5 - 3))
2
What is the value of 4 + 5 - (3 + 1)?
5
(-2 - -11) + 10 + (-11 - 0)
8
Evaluate (5 - -2) + (-15 - -13).
5
What is 0 - (-4 + -2 + (5 - -9))?
-8
Calculate (6 - (1 - -2) - 3) + -3.
-3
What is the value of -6 + 6 + 3 + -8 - 5?
-10
0 - -2 - (2 - (6 - 6))
0
-1 - (-1 - (-3 - 1) - -1)
-5
What is the value of 1 + 0 - (56 + -58)?
3
Calculate 5 - 3 - ((0 - 2) + 4).
0
Evaluate -4 - (-28 + 29 + (-1 - 3)).
-1
Calculate -2 - (8 + (1 - 8)).
-3
Calculate -6 + -2 + 4 - (-2 - 7).
5
Evaluate (-3 - -6) + -18 + 7.
-8
What is 12 + -3 + 2 + -18?
-7
10 + 4 + -9 + 1
6
Calculate -1 - (-6 - (-2 - 2)).
1
Calculate (-212 - -215) + (-2 - -2) + -3.
0
3 - (2 + 7 + -4)
-2
What is -4 + -1 + 2 + 7?
4
What is the value of 5 - ((-6 - 0) + (4 - -14))?
-7
Calculate 2 + -5 - (46 + -45).
-4
(30 - 17) + -21 + (3 - 1)
-6
What is the value of 3 + -1 + -2 + -1 + -3?
-4
Calculate 0 + (8 - (-5 - -21)).
-8
1 + 2 + -9 + 6
0
Calculate -4 + 1 + 6 + 2 - 12.
-7
-2 + -3 + 3 + -2
-4
What is the value of (1 - 2) + (16 - 12)?
3
Calculate 5 + -3 + (-16 - -12).
-2
Calculate -7 - (-5 + (-1 - -2)).
-3
Evaluate -6 + (-6 + -1 + 15 - 5).
-3
Evaluate (-1 - -1) + (-8 - 1 - -10).
1
What is the value of -5 + 0 + (13 - 6)?
2
Evaluate 4 - (3 + -1) - 9.
-7
Calculate 6 + -6 - (2 + (-5 - 3)).
6
-11 - ((0 - 10) + 2)
-3
What is 2 + (3 + -5 - -3)?
3
What is the value of -5 + 7 + 0 + -1?
1
Evaluate -7 - (2 + -1 + 2 + -5).
-5
What is -6 + 11 - (-1 - -8)?
-2
Evaluate 6 - -1 - (6 - (6 + 1)).
8
Evaluate (-1 - 4 - -6) + 2.
3
Evaluate 10 + 1 - (11 - (12 + -4)).
8
What is the value of 1 - (0 - (2 - -2))?
5
Calculate (12 - 16 - (-4 + 0)) + 0.
0
Calculate (-2 - -6 - (5 + -1)) + -1.
-1
Calculate -6 + (0 - (-7 - -2)).
-1
What is the value of (-3 - (-2 + 5)) + 2 + 2?
-2
29 + -18 - (9 + 1)
1
What is -2 - (-3 - (4 - (5 + 4)))?
-4
What is the value of 1 - 2 - (0 + -5)?
4
Evaluate 1 + -1 + 0 + (-6 - -5).
-1
What is 3 - ((4 - (0 - -3)) + 7)?
-5
Calculate 0 - 4 - (10 - 1 - 9).
-4
What is -9 + (-5 - (-27 + 9))?
4
What is -1 + 3 + (-8 + 4 - -3)?
1
What is the value of -7 + (4 - -10 - 6)?
1
What is -1 + (-7 - (3 + -4)) + 3?
-4
What is the value of 10 - 0 - 6 - (-10 + 8)?
6
Evaluate (-5 - 9 - -4) + -7 + 11.
-6
What is 5 + -1 + (-1 - 1)?
2
Calculate -7 + 6 + 5 - (-1 - -1).
4
Calculate -4 + 12 + -5 + (9 - 4).
8
9 + (-1 - 11) - -10
7
Calculate (16 - (10 + 2)) + -5.
-1
What is the value of 12 + (3 - (15 - 7)) - 11?
-4
What is the value of (1 - 17) + (4 - -1) + 7?
-4
3 - (12 + 5 + -10)
-4
What is 2 - ((-7 - -14) + 2)?
-7
3 - (-6 + 0 + 4)
5
-12 + (7 - (-8 - -4))
-1
What is -1 + -1 + -4 + -4 + 10?
0
What is -7 - 1 - 4 - -5?
-7
-2 + -4 - -3 - (1 + -1)
-3
Evaluate -4 - (-10 + -2) - 1.
7
Calculate -12 - -4 - -4 - (-11 - -2).
5
What is the value of (1 + 5 - 12) + 4?
-2
(9 - (1 + 1)) + -6 + 0
1
(10 - 20) + 0 + 18
8
What is the value of (1 + 0 - 3) + (20 - 11)?
7
Calculate -4 + 1 - (-20 - -13) - 0.
4
Calculate -13 + 1 + 25 - 4.
9
Calculate 6 + (0 - 2) - (-14 + 14).
4
(-8 - -10 - -3) + -8
-3
Evaluate 4 + -6 + (15 - 6).
7
What is -7 + 8 - -5 - (9 + 3)?
-6
0 + 3 - (7 - -1)
-5
3 - (3 + 2 + -1 + -2)
1
(2 + -7 - -4 - -4) + 0
3
Evaluate -6 + (5 - -4) + 0.
3
What is the value of (-7 + 5 - -5) + -4?
-1
What is -8 - ((-19 - -7) + 12)?
-8
What is the value of 0 + 9 + 0 + (-5 - -3)?
7
Calculate -5 - (1 - (2 - 1)).
-5
Evaluate -3 + (-3 + 0 - 2) + 14.
6
-1 + 9 + (0 - 4)
4
1 + (2 - (2 - -7)) + 3
-3
Evaluate 5 + (0 - 1) - (-146 + 147).
3
What is the value of (43 - 10) + -26 - (4 + -1)?
4
-26 + 47 + -22 - (1 - 7)
5
Evaluate (0 - 0) + -8 + (2 - -3).
-3
Evaluate -9 - (-4 + 1 + 2 + -5).
-3
Evaluate -5 + (6 - 3) - (-6 + 8).
-4
Calculate -6 - 1 - (-1 - 4 - -3).
-5
What is 1 + -3 + (1 - 1)?
-2
What is 3 - (-9 + 10 + 6 + 0)?
-4
Calculate (-111 - -114) + (-4 - -1).
0
What is the value of -3 + 2 + -7 + (9 - 3)?
-2
What is the value of (4 - (0 + 5) - -2) + 3?
4
What is 2 - (5 - (2 + 3))?
2
Calculate -2 + (-4 + 8 - 5) + 0.
-3
3 - (-3 + 8 - 3)
1
What is (-7 - -9) + (-1 - (-2 + -2))?
5
Calculate (-2 + -1 - -5) + (5 - 3).
4
Calculate -1 + (2 - 0) + -2.
-1
3 + (4 - (-2 + -4 - -13))
0
(-1 + (2 - -2) - 0) + 1
4
Evaluate (-3 - 0) + (5 - 3) + -1.
-2
What is -3 + -6 + 12 + 4 - 4?
3
What is the value of 0 + (1 - 1) + -71 + 70?
-1
(-2 - -4) + -7 + 0
-5
Evaluate (-7 - -5) + 1 - 2.
-3
What is the value of (0 - 11 - -1) + (-12 - -14)?
-8
What is the value of (0 - 1) + (-7 - -5) + -6?
-9
Calculate -5 + 8 + -4 - 0.
-1
Calculate 1 - 2 - (5 + 1 - 2).
-5
What is the value of 6 - (1 + (-4 - 1) - -9)?
1
(2 + 5 - 11) + -1
-5
What is (1 - 5) + (-5 - (-6 - -1))?
-4
0 + 1 - 1 - (16 + -15)
-1
What is (-2 - (2 + (-4 - -6))) + 12?
6
Evaluate 2 + -3 + (9 - 10).
-2
-8 + 5 + 6 + (-2 - -5)
6
Calculate 7 + -3 + (3 - 0) - 2.
5
What is the value of -3 - (15 + -21 - (1 + 2))?
6
(-2 - 0) + 3 + (1 - -2)
4
-4 - (1 + -6 + 8 - 2)
-5
Calculate 2 - (-2 - -9 - (7 + 0)).
2
Calculate -3 + (2 - -2 - 8 - -11).
4
Evaluate 8 + -2 + (5 - 3) + -17.
-9
What is the value of 0 + 2 + -2 - (-4 + 2)?
2
4 - ((2 - (0 - 3)) + 0)
-1
Calculate (12 - 7 - 0) + -2 + -2.
1
3 - (-1 - (-1 + -3))
0
What is 3 + 14 - (-3 + 13)?
7
6 + (-3 - -7 - 9) + 0
1
-8 + (-5 - -7 - -13)
7
What is -1 + 0 - (5 - 4 - 0)?
-2
What is the val